**4/24 + v**3/2 + v**2. Let b(w) = 2*w - 7. Let r(k) = 2*b(k) + 5*d(k). Let j = 957 - 955. Determine r(j).
-1
Let t(d) be the second derivative of -d**4/6 - 11*d**3/6 + d**2 + 203*d. What is t(-5)?
7
Let n be 4/(40/55)*2. Suppose -8 = -10*l + n*l. Let g(c) = 7*c**2 + 13*c + 13. Let r(b) = -3*b**2 - 7*b - 7. Let m(u) = -2*g(u) - 5*r(u). Determine m(l).
1
Let i(y) = -7*y**3 - 2*y**2 - 11*y + 3. Let l(f) = f**3 + f**2 + f. Let w(j) = i(j) + 6*l(j). Let o = 451 - 448. Determine w(o).
-3
Suppose -23 = -19*o + 72. Suppose -3*n - d + 12 = -4*d, -5*d = o*n. Let y(x) = -11*x - 1. Determine y(n).
-23
Let k(s) = 6*s**3 - s**2 + s. Let i be (76/(-6))/(8/24). Let h = -37 - i. What is k(h)?
6
Let x(w) = w - 2. Let r(t) = -3*t + 1. Let p be r(0). Let z be (-4)/p - -4 - -2. Suppose z*d + 2 = d. Determine x(d).
-4
Let o(w) = -8*w - 7. Let d be -2 + 0 + 13/(13/(-2)). Calculate o(d).
25
Let u(v) = v**2 + 4*v + 4. Suppose 57 - 4 = -5*s + 2*z, 6*s + 3*z = -42. Calculate u(s).
49
Let l(f) be the third derivative of f**5/30 + f**4/12 + f**3/6 - 733*f**2. Calculate l(-3).
13
Let j(u) = 0*u**2 + 35 - u**3 + 6*u**3 + 3*u**2 - 28 - 4*u**3 + u. Determine j(-3).
4
Let y(q) be the second derivative of 31*q - 1/6*q**3 + 9/2*q**2 + 0. What is y(6)?
3
Let v = 32 - 40. Let w(z) = 4*z**3 + 7*z**2 - 7*z + 4. Let q(r) = -5*r**3 - 7*r**2 + 7*r - 3. Let l(x) = 3*q(x) + 4*w(x). Determine l(v).
-1
Suppose -172*h + 184*h + 36 = 0. Let l(n) = -n**3 - 4*n**2 - 5*n - 3. What is l(h)?
3
Let w(v) = -7 + 7*v + 7 - 3*v - 1. Let d(o) = o + 1. Let u(a) = -a**2 + 12*a + 11. Let q(y) = -6*d(y) + u(y). Let z be q(7). Calculate w(z).
-9
Let k(g) = 2*g**2 + 22*g - 24. Let y be ((-350)/(-7))/(-5) - 2. Calculate k(y).
0
Let j be ((-4)/(-2))/(8/4). Let b(v) = 4. Let z(u) = u + 11. Let m(o) = 12*b(o) - 4*z(o). Let p(f) = 1. Let x(r) = -m(r) + 4*p(r). Determine x(j).
4
Suppose -2*p = 1 + 1. Let z be (-3 + 4)*13 - 0/1. Let u(c) = -7 - 4*c - c + z*c**2 + 3*c + 6. Give u(p).
14
Suppose 19 = -4*n + 3. Let x be (-6)/n*(-32)/(-12). Suppose x = -3*j + 2*m, -5*m + 6 - 13 = j. Let h(u) = -4*u**2 - u + 1. Calculate h(j).
-13
Let x(b) = -b**3 - 5*b**2 + 7*b - 3. Let r(j) = j - 10. Let o be r(11). Suppose 0 = 2*z + 11 + o. Determine x(z).
-9
Let x(v) be the third derivative of 5*v**4/24 - 4*v**3/3 + 193*v**2. Calculate x(4).
12
Let p(h) = -h**2 + 3*h + 25. Let j(i) = -7*i - 14. Let z be j(-3). Calculate p(z).
-3
Let h = 53 + -51. Let c(v) = 1 - h*v**2 - 7 - v**3 - 3*v**2 - 9*v + 15*v**2. What is c(9)?
-6
Let w(i) = i. Let k(a) be the third derivative of 0*a - 6*a**2 - a**3 + 0 - 1/60*a**5 + 1/3*a**4. Let h be k(6). What is w(h)?
6
Let x = -12 - -18. Let n(p) = p + 3*p - x*p + 14. Let y be n(8). Let c(j) = -2*j. Determine c(y).
4
Let p(u) = -18*u + 17. Let s(v) = -3*v + 3. Let m(c) = -4*p(c) + 22*s(c). Determine m(1).
4
Let c be (-2)/5*10/(-2). Let m(i) = i**3 + 2*i**c - 8*i - 3 - 9*i**2 - 2. Suppose -1957 + 1885 = -9*z. What is m(z)?
-5
Let k(f) be the third derivative of f**6/120 + f**5/5 - f**4/2 + 5*f**3/3 - 8*f**2. Determine k(-13).
-3
Let l(m) = 19*m**3 + m**2. Let s be 9*6/351 - 30/26. What is l(s)?
-18
Let x be 8/20 + 32/(-5). Let u(m) = -m + 1. Let i be 8/(-6) + (5 + 0)/15. Let l(s) = -2*s + 9. Let w(p) = i*l(p) + 4*u(p). Determine w(x).
7
Suppose 155*w - 150*w + 5 = 0. Let o(h) = 3 + 1 - 5 + 2*h + h**2 - 3*h + 2*h**3. Calculate o(w).
-1
Let r(t) = t**2 - t + 49. Let o = 905 - 905. Give r(o).
49
Let i(c) = c**2 + c - 2 + 4*c - c. Suppose 6*u - 680 = -2*u. Let a = u - 91. Determine i(a).
10
Let k be (22275/(-108))/25*(-4)/(-3). Let x(b) = -3*b + 22. Calculate x(k).
55
Let g be (-12)/24*(-5)/((-5)/(-6)). Let d(x) = -2*x**3 - 1 + x**3 - 2*x**g. Determine d(1).
-4
Let m(o) = -o**3 - 7*o**2 - 7*o - 4. Let y be m(-6). Let p = 13 + -9. Let w(g) = p - 2*g**2 - g - 3*g - 2 + g. What is w(y)?
-12
Let a(m) = -m**3 + 11*m**2 - 13*m + 25. Let k = 1477 + -1467. Give a(k).
-5
Let s(h) = h**2 + 4*h - 2. Suppose 0 = 3*p - 3 - 9. Suppose -4*t = 4*l, p*t - 23 = 5*l + 22. Determine s(l).
3
Let f = 23701/120 - 395/2. Let r(b) be the third derivative of 1/6*b**3 + 0*b - 1/20*b**5 + 9*b**2 + f*b**6 + 0 - 1/6*b**4. Calculate r(4).
1
Let i(q) = q**2 + 1. Let o(h) = -2*h**3 + h - 1. Suppose 3*u - 1 = 2*u. Let g be o(u). What is i(g)?
5
Let z(u) = -2*u - 1. Let h(p) = 7*p + 16. Let o be h(-3). Let t be (o/4)/(9/(-36)). Calculate z(t).
-11
Let z(t) = -t**3 + 10*t**2 - 12*t + 30. Let k be z(9). Let u(q) = q**3 - q**2 - 2*q + 2. Give u(k).
14
Let k = 122 + -120. Let p(r) = -263*r**3 + r**k + 0*r**2 - 2 + 264*r**3 - 2*r. Determine p(-3).
-14
Let h(y) = y + 1. Suppose -2*l + p - 6 = -5, 31 = 3*l + 5*p. Let g be -1 - -1 - -2*5. Suppose -g = -5*c + 3*t, -l*c + 2*t - 5 = -t. Give h(c).
6
Let l(h) = -h**3 - 15*h**2 - h. Let u be l(-15). Suppose 0 = -u*p + 1 - 16. Let j(m) = 1 + 4*m - 3*m + 1. Give j(p).
1
Let v(i) = 10*i - 22. Let o(r) = -3. Let f(n) = 5*o(n) - v(n). What is f(2)?
-13
Let k be (6/4)/(45/60). Let s(d) = 6 + 9*d**2 - 10*d**k - 9*d**2 - 19 + d**3 + 2*d. Calculate s(10).
7
Let y(z) = -z - 3. Let k be y(-9). Let n(g) = g**3 - 6*g**2 + 2*g - 12. Let o be n(k). Let s(t) = 2*t + t**3 + 6*t**2 + o*t**2 + 0*t - 5 - t. What is s(-5)?
15
Let r(d) = -d**2 - 16*d - 21. Let f(s) = s + 1. Let q(m) = f(m) + r(m). Give q(-14).
-6
Let n be 2 + 1 + (-24)/4. Let g be (n/2)/(7/14). Let d(c) = 9*c**2 + 5*c + 3. Let k(r) = 14*r**2 + 7*r + 4. Let h(m) = -8*d(m) + 5*k(m). Give h(g).
-7
Let v(j) = j**3 - 9*j**2 + 9. Suppose 24 - 87 = -7*w. Give v(w).
9
Let u(v) = v**2 - 5*v - 3. Let g be ((-10)/(-15))/(8/48). Give u(g).
-7
Let b(q) be the second derivative of -q**3/2 - 3*q**2/2 + q. Let j be b(-6). Suppose j = 2*h + h. Let w(d) = -d**3 + 6*d**2 - 2*d - 3. Give w(h).
12
Let h(x) = 124 + 2*x**2 - 41 - 3*x - 43 - 42. What is h(4)?
18
Let b(j) = -j**3 - 3*j**2 + 2*j + 1. Let d = -12 - -17. Let u be (-6 + d)/((-1)/(-13)). Let m = 9 + u. Give b(m).
9
Suppose 4*a + 0*h + 4*h = -8, 2 = -3*a - 2*h. Let j(y) = -12*y**2 - 4*y**3 - a*y + 9*y**2 + 7*y**2. Give j(2).
-20
Let q = -76 - -67. Let i(s) = -s**2 - 10*s + 2. What is i(q)?
11
Suppose 0 = 4*n - 4, -2*n = 2*o - 6*n. Let c(m) = m**3 + 2*m**2 - 3*m. Give c(o).
10
Let q be -3*((-70)/15 - -4). Let v(t) = 5*t + 0*t**q + 2*t + 4 + t**2. Calculate v(-6).
-2
Let p(x) = 2*x - 2 + 4*x - 3*x. Let s(t) = t. Let i(y) = -p(y) + 4*s(y). Calculate i(-7).
-5
Let s(g) = -g**3 - 1 - 4*g**2 + g**3 - g**3 + g - 5. Calculate s(-5).
14
Let f(g) = 3*g. Let y be (-20)/12 + (-4)/(-6). Let k(j) = 3*j**2 + 3 + 4*j - 2*j**3 + 4*j**3 - 2*j - 5*j**2. Let v be k(y). Give f(v).
-9
Let c(a) = a**2 + a - 1. Let h(y) = -y**3 - y**2 - 10. Let i(x) = -3*c(x) + h(x). What is i(-3)?
-7
Let z(o) = o**3 + o**2 - o + 1. Let n(u) = 4*u**3 + 11*u**2 - 8*u + 10. Let l(k) = n(k) - 5*z(k). What is l(6)?
-13
Let j(u) = -u**2 + 32*u - 17*u + 7 - 25*u - 4. What is j(-10)?
3
Let v(h) = 16*h**2 - h + h**3 - 5*h**3 - 11*h**2 + 3*h**3 - 4. Calculate v(4).
8
Let m(g) be the second derivative of -g**6/36 + g**5/120 - 2*g**3 - 10*g. Let h(z) be the second derivative of m(z). Determine h(-1).
-11
Let j(h) = -2*h**2 - h + 3. Let o be (-6)/((-11)/(-77)*(9 + 5)). Determine j(o).
-12
Let x(j) = 2*j + 5. Let m(y) = 0*y + 9*y - y - 3*y + 10. Let d be m(-3). Determine x(d).
-5
Let s(h) = -h - 5. Let a = 2093 - 2099. Calculate s(a).
1
Suppose -p - 8 = 2*t - 6*p, 2*t + 2*p = 6. Let v(d) = -7*d - 1. What is v(t)?
-8
Let u(f) = -3 - 2 + 3*f**2 + 6 + f. Let s(n) = -n**2 - n. Let d(b) = -2*s(b) - u(b). Calculate d(2).
-3
Let i(w) = -w**2 + 4*w + 13. Let x(b) = -8*b + 6. Let f be x(0). Give i(f).
1
Let k(b) = -51*b + 1 - 1 + 30*b + 26*b + 2. Give k(-4).
-18
Let l = -15 - -20. Suppose l*n = 4*n + 2. Let r(j) = -j - 23*j**2 - 7 + 13*j**n + 9*j**2. Give r(0).
-7
Let s(r) = -r**2 - 917*r - 2744. Let x be s(-3). Let z(i) = 2 - 4*i - i + 3*i. Determine z(x).
6
Let z(o) = -2 + 0*o - 7*o - 4*o**2 - o + 5*o. Calculate z(-2).
-12
Let f(j) = 68003 - 68002 + j + 7*j. Let w = -2 - -8. Suppose 0 = 4*c + 2*a, 0*c = 4*c - a + w. Calculate f(c).
-7
Suppose 0 = 3*i + 15, 2*b - 3*i - 16 = b. Suppose 0 = -s - b + 2. Let c(f) = -1 - 1 + 2*f + 5 + s. What is c(-4)?
-4
Let b(r) = -3*r + 1. Let h = -116 + 112. What is b(h)?
13
Let j(f) = -2 - 2*f**2 + 3 - 3*f**3 + 4*f**3. Let u(t) = t**2 - 3*t. Let 